ivided by o?
0
Suppose 0*m = -4*m + c, -2*m = c. Let g = m + 5. Suppose -g*w = 4*o - 152, -5*w + 185 = 5*o - 0*w. What is the remainder when o is divided by 17?
16
Let a(m) = -41*m - 1. Let p be a(-3). Suppose -p + 300 = 5*z - 4*v, -144 = -4*z + 4*v. Calculate the remainder when z is divided by 30/(-5)*(0 + -2).
10
Let r(s) = -s**2 + 7*s + 1. What is the remainder when r(2) is divided by 4?
3
Let l = -92 - -108. What is the remainder when 94 is divided by l?
14
Let o = -1 + 4. Suppose 4*p - 13 = o. Let f = 5 + 6. What is the remainder when f is divided by p?
3
Suppose 5 = -5*t - 5. What is the remainder when 77 is divided by ((-20)/3)/(t/6)?
17
Suppose 0 = -4*q + 6*q. Suppose -15 = 6*z - 11*z. Suppose -5*w + 121 = 2*d, 81 = 3*w - z*d - q*d. What is the remainder when w is divided by 7?
4
Suppose 4*i - 15 = -5*q + 30, -5*i = -25. Suppose -5*h = q*j + 5, -4*h - 2 = 6. What is the remainder when 10 is divided by j/(-4) + (-25)/(-4)?
4
Let k(t) = t**3 - 11*t**2 + 8*t + 11. Let w be k(10). Let d = w + 35. Calculate the remainder when d is divided by 9.
8
Suppose 0 = -2*s + 8 - 0. Let l be 3/(-2)*s/(-2). Suppose -l*k = -6*k + 39. What is the remainder when 25 is divided by k?
12
Let g(q) be the third derivative of q**4/8 - 2*q**3/3 + q**2. Let i = -11 + 15. Calculate the remainder when g(i) is divided by 5.
3
Suppose -3 = 5*i - 4*p - 20, 0 = 4*i + 3*p + 5. Let f(z) = 7*z**2 + 1. Let j(q) = q + 23. What is the remainder when j(0) is divided by f(i)?
7
Let c = 13 + -7. What is the remainder when 21 is divided by c?
3
Let y = 25 - 7. Calculate the remainder when y is divided by 10.
8
Let h(x) = 8*x**2. Let r(g) = 32*g**2 - g. What is the remainder when r(1) is divided by h(1)?
7
Let j = 125 - 100. What is the remainder when 42 is divided by j?
17
Suppose -u - 2*u = f - 32, -f + 32 = -5*u. What is the remainder when f is divided by 11?
10
Suppose j = -2*j + 519. Let a = -88 + j. Suppose a = -2*f + 7*f. What is the remainder when 49 is divided by f?
15
Suppose -4*q = -12, 3*i - 1 = -5*q + 8. What is the remainder when 28 is divided by (-25)/i*(-28)/(-35)?
8
Suppose -2*i + i + 35 = 0. Suppose 5*l = 2*x - 0*x + i, -32 = -3*l - x. Calculate the remainder when 26 is divided by l.
8
Suppose -2*u + 69 = -67. Let i = 12 - -11. Calculate the remainder when u is divided by i.
22
Let q(l) = -l**3 + 5*l**2 + 8*l - 2. What is the remainder when 28 is divided by q(6)?
8
Let r(a) = a + 8. What is the remainder when r(4) is divided by 7?
5
Suppose -q + 38 = -3*z, 0 = -5*q + z + 31 + 187. What is the remainder when q is divided by 24?
20
Let p = 9 - -41. What is the remainder when p is divided by 9?
5
Suppose 3*k - n = 28, -3*k + 8*k + 5*n - 40 = 0. What is the remainder when 26 is divided by k?
8
Suppose 5*b + 11 = 56. Calculate the remainder when 4 - (4 + -3)*-21 is divided by b.
7
What is the remainder when (0 - 1)*6*18/(-4) is divided by 4?
3
Suppose -4*n + 41 = -w - 42, -34 = -2*n - 2*w. What is the remainder when 56 is divided by n?
16
Suppose -6 = -4*s + s. Let f = s + 5. What is the remainder when 11 is divided by f?
4
Let u = 50 + -42. What is the remainder when 13 is divided by u?
5
Suppose 0 = -2*p - 0*p + 10. Suppose -j + p*j = 180. What is the remainder when j is divided by 24?
21
Let u = -4 - -8. Suppose u*s - 460 = 2*s. Suppose -2*a = -7*a + s. Calculate the remainder when a is divided by 24.
22
Let c = 26 + -15. Let y be (6/2 + -337)*1. What is the remainder when y/(-8) - (-3)/12 is divided by c?
9
Let y = -9 - -23. Suppose -2*x - x + y = h, -5*h = 5*x - 20. What is the remainder when 13 is divided by x?
3
Let u(j) = -j**2 + 9*j - 3. Let p be u(8). What is the remainder when 9 is divided by -1 + 5 - (p + -5)?
1
Suppose -2*w - 2*w - 7 = -3*f, 2*f - 1 = -w. Suppose -6 = -v - 2*v. What is the remainder when v is divided by f?
0
Let d = -61 - -66. Calculate the remainder when 5 is divided by d.
0
Let u(x) = 4*x**2 + 8*x + 18. Let f be u(-12). What is the remainder when f/9 - (-4)/6 is divided by 19?
18
Let u = 4 + 14. What is the remainder when 53 is divided by u?
17
Suppose 0 = 4*u - 11 + 3. Let x(q) = -q**3 + 4*q**2 - 2*q + 1. What is the remainder when x(3) is divided by u?
0
Let i = -7 - -2. Let r(y) = 2*y**2 + 7*y. Calculate the remainder when 29 is divided by r(i).
14
Let n(a) = 0*a - 3*a - 3 + 5*a. Let l = -266 + 273. Calculate the remainder when l is divided by n(4).
2
Let c(i) = 8*i**3 - 5*i**2 - 2*i - 7*i**3 + 7*i - 6. Calculate the remainder when c(5) is divided by (-1)/(1/(-1))*10.
9
Suppose -2*b - 3*z - 58 = -60, 0 = 4*b - 5*z - 48. What is the remainder when 1*-2 - -1 - -21 is divided by b?
6
Suppose -5*x - 17 = 3. Let w(a) = -a**3 - 10*a**2 + 2. Let k(g) = -g**2 - g. Let m(p) = 6*k(p) - w(p). What is the remainder when m(x) is divided by 8?
6
Let z = -9 + 8. Let u = z - -8. Suppose -3*s = -4*p - 48, 3*s - 51 = -0*s + 3*p. What is the remainder when s is divided by u?
6
Let g = 151 - 137. Suppose -40 = 3*j - 4*j. What is the remainder when j is divided by g?
12
Suppose b - 3*b - 84 = 0. Let n(c) = -c**3 - 7*c**2 - 3*c - 10. What is the remainder when (-50)/(-10)*b/(-10) is divided by n(-7)?
10
Suppose -4 = 2*h - 12. What is the remainder when h/30 + (-4938)/(-90) is divided by 19?
17
Let p(u) = u**3 - 3*u**2 + u - 2. Let d be p(3). Calculate the remainder when d/(-3)*0 - -26 is divided by 7.
5
Let y(c) = 23*c**2 - 9*c + 8. What is the remainder when y(1) is divided by 8?
6
Let b = -27 - -40. Let a(i) = 12*i + 1. Let l(s) = -s**3 + 5*s**2 - 5*s + 6. Let u be l(4). What is the remainder when a(u) is divided by b?
12
Let p = 150 - 97. Calculate the remainder when p is divided by 27.
26
Let g(a) = -2*a**3 - 2*a**2 - 3*a - 1. Let i be g(-3). Let y = -9 + i. What is the remainder when y is divided by 12?
11
Suppose 0 = -5*r - 15, 5*j - r + 5*r = 38. Calculate the remainder when 35 is divided by j.
5
Calculate the remainder when -2 + 76 - (3 + 0) is divided by 18.
17
Let o = -6 + 4. What is the remainder when (-53)/(o*(-3)/(-6)) is divided by 14?
11
Suppose 0 = 2*f - 14 - 48. Calculate the remainder when f is divided by 8.
7
Let v(r) = -26*r + 11. Let n be v(9). Let m = n - -384. Let p = m - 100. What is the remainder when p is divided by 16?
13
Let g(b) be the second derivative of 8*b**3/3 + b**2/2 + b. Suppose 2*q - v - 12 = 0, 0*v = -2*q - 3*v + 12. What is the remainder when g(1) is divided by q?
5
Suppose -5*h = -5*r + 15, -6*r - 7 = -3*r + 5*h. What is the remainder when 1 is divided by r?
0
Suppose -2*x + 43 = 5*i, -2*x + i = 3*x - 94. Calculate the remainder when x is divided by 12.
7
Let j = 101 + -44. Let i = 43 + -28. What is the remainder when j is divided by i?
12
Let x(p) = -4*p - 4. Let z be x(-4). Let y = 12 + z. Let q(k) = -12*k**3 + 1. Calculate the remainder when y is divided by q(-1).
11
Suppose -3 = 4*r - 19. Suppose r*o - 27 = -7. Suppose 11 = x + o. What is the remainder when 10 is divided by x?
4
Let g be -1*-3*(-2)/6. Let s = 1 - g. What is the remainder when s is divided by 2?
0
Let g(r) = -r**3 + 4*r**2 + 6*r - 4. Let z(i) = 2 - 2*i + 0*i + i. Let o be z(-2). Calculate the remainder when g(o) is divided by 7.
6
Let p(b) = -b**3 + 5*b**2 + 6*b + 8. What is the remainder when 31 is divided by p(6)?
7
Let y(a) = 4*a - 3. Let l be y(6). Suppose i = -2*i + l. Let w = i - -4. Calculate the remainder when 32 is divided by w.
10
Let a = 10 + 16. What is the remainder when 153 is divided by a?
23
Let k be (0 - -1)*(-5 - -14). Calculate the remainder when 47 is divided by 0 + (-8)/(-6)*k.
11
Let u = -56 - -28. Let r = u - -2. Let d = 76 + r. Calculate the remainder when d is divided by 13.
11
Let n(r) be the second derivative of r**5/20 + 7*r**4/12 + 2*r**3/3 - 3*r**2/2 + 2*r. Suppose -21 = 4*c + 3. What is the remainder when 25 is divided by n(c)?
7
Let h = -5 + 1. Let v(f) = f**2 + 5*f + 4. Let k be v(h). Suppose k*t = -3*t + 69. What is the remainder when t is divided by 12?
11
Calculate the remainder when 43 is divided by 22/(-4)*(3 - 7).
21
Let z(j) = 7*j - 1. Let m(w) = w**2 - 16*w - 11. Let a(c) = -3*c - 2. Let l(q) = -22*a(q) + 4*m(q). Calculate the remainder when z(5) is divided by l(-2).
10
Suppose 0 = 4*p - 4*n - 116, 4*p + n = 2*p + 43. Suppose -4*z + 358 = 5*x, -x - 138 = -3*x + z. What is the remainder when x is div